{"id":7388,"date":"2026-08-05T19:36:38","date_gmt":"2026-08-05T19:36:38","guid":{"rendered":"https:\/\/nivo.ca\/?post_type=tribe_events&#038;p=7388"},"modified":"2026-08-11T18:18:25","modified_gmt":"2026-08-11T18:18:25","slug":"laird-fair","status":"publish","type":"tribe_events","link":"https:\/\/nivo.ca\/fr\/evenement\/laird-fair\/","title":{"rendered":"Laird Fair"},"content":{"rendered":"<p class=\"isSelectedEnd\">La foire annuelle est une tradition du canton de Laird depuis les ann\u00e9es 1880.<\/p>\n<p>Venez profiter de la vie \u00e0 la campagne, \u00e0 quelques minutes seulement de la ville! Au programme : expositions int\u00e9rieures, concours de chevaux lourds et l\u00e9gers, animaux d&rsquo;\u00e9levage et volailles, comp\u00e9titions de tracteurs, activit\u00e9s pour les enfants, musique en direct, kiosques de vente, camions de cuisine de rue et bien plus encore!<\/p>\n","protected":false},"excerpt":{"rendered":"<p>La foire annuelle est une tradition du canton de Laird depuis les ann\u00e9es 1880. Venez profiter de la vie \u00e0 la campagne, \u00e0 quelques minutes seulement de la ville! Au [&hellip;]<\/p>\n","protected":false},"author":7,"featured_media":7429,"template":"","meta":{"_acf_changed":false,"content-type":"","_tribe_events_status":"","_tribe_events_status_reason":"","footnotes":""},"tags":[],"tribe_events_cat":[],"class_list":["post-7388","tribe_events","type-tribe_events","status-publish","has-post-thumbnail","hentry"],"acf":[],"yoast_head":"<!-- This site is optimized with the Yoast SEO Premium plugin v28.2 (Yoast SEO v28.2) - https:\/\/yoast.com\/product\/yoast-seo-premium-wordpress\/ -->\n<title>Laird Fair - NIVO by PomeGran<\/title>\n<meta name=\"robots\" content=\"index, follow, max-snippet:-1, max-image-preview:large, max-video-preview:-1\" \/>\n<link rel=\"canonical\" href=\"https:\/\/nivo.ca\/fr\/evenement\/laird-fair\/\" \/>\n<meta property=\"og:locale\" content=\"fr_FR\" \/>\n<meta property=\"og:type\" content=\"article\" \/>\n<meta property=\"og:title\" content=\"Laird Fair\" \/>\n<meta property=\"og:description\" content=\"La foire annuelle est une tradition du canton de Laird depuis les ann\u00e9es 1880. Venez profiter de la vie \u00e0 la campagne, \u00e0 quelques minutes seulement de la ville! Au [&hellip;]\" \/>\n<meta property=\"og:url\" content=\"https:\/\/nivo.ca\/fr\/evenement\/laird-fair\/\" \/>\n<meta property=\"og:site_name\" content=\"NIVO by PomeGran\" \/>\n<meta property=\"article:publisher\" content=\"https:\/\/www.facebook.com\/NIVOTelecom\/\" \/>\n<meta property=\"article:modified_time\" content=\"2026-08-11T18:18:25+00:00\" \/>\n<meta property=\"og:image\" content=\"https:\/\/nivo.ca\/wp-content\/uploads\/2026\/08\/Facebook-1-1024x853.png\" \/>\n\t<meta property=\"og:image:width\" content=\"1024\" \/>\n\t<meta property=\"og:image:height\" content=\"853\" \/>\n\t<meta property=\"og:image:type\" content=\"image\/png\" \/>\n<meta name=\"twitter:card\" content=\"summary_large_image\" \/>\n<meta name=\"twitter:label1\" content=\"Dur\u00e9e de lecture estim\u00e9e\" \/>\n\t<meta name=\"twitter:data1\" content=\"1 minute\" \/>\n<script type=\"application\/ld+json\" class=\"yoast-schema-graph\">{\"@context\":\"https:\\\/\\\/schema.org\",\"@graph\":[{\"@type\":\"WebPage\",\"@id\":\"https:\\\/\\\/nivo.ca\\\/fr\\\/evenement\\\/laird-fair\\\/\",\"url\":\"https:\\\/\\\/nivo.ca\\\/fr\\\/evenement\\\/laird-fair\\\/\",\"name\":\"Laird Fair - NIVO by PomeGran\",\"isPartOf\":{\"@id\":\"https:\\\/\\\/nivo.ca\\\/fr\\\/#website\"},\"primaryImageOfPage\":{\"@id\":\"https:\\\/\\\/nivo.ca\\\/fr\\\/evenement\\\/laird-fair\\\/#primaryimage\"},\"image\":{\"@id\":\"https:\\\/\\\/nivo.ca\\\/fr\\\/evenement\\\/laird-fair\\\/#primaryimage\"},\"thumbnailUrl\":\"https:\\\/\\\/nivo.ca\\\/wp-content\\\/uploads\\\/2026\\\/08\\\/Facebook-1.png\",\"datePublished\":\"2026-08-05T19:36:38+00:00\",\"dateModified\":\"2026-08-11T18:18:25+00:00\",\"breadcrumb\":{\"@id\":\"https:\\\/\\\/nivo.ca\\\/fr\\\/evenement\\\/laird-fair\\\/#breadcrumb\"},\"inLanguage\":\"fr-FR\",\"potentialAction\":[{\"@type\":\"ReadAction\",\"target\":[\"https:\\\/\\\/nivo.ca\\\/fr\\\/evenement\\\/laird-fair\\\/\"]}]},{\"@type\":\"ImageObject\",\"inLanguage\":\"fr-FR\",\"@id\":\"https:\\\/\\\/nivo.ca\\\/fr\\\/evenement\\\/laird-fair\\\/#primaryimage\",\"url\":\"https:\\\/\\\/nivo.ca\\\/wp-content\\\/uploads\\\/2026\\\/08\\\/Facebook-1.png\",\"contentUrl\":\"https:\\\/\\\/nivo.ca\\\/wp-content\\\/uploads\\\/2026\\\/08\\\/Facebook-1.png\",\"width\":1200,\"height\":1000},{\"@type\":\"BreadcrumbList\",\"@id\":\"https:\\\/\\\/nivo.ca\\\/fr\\\/evenement\\\/laird-fair\\\/#breadcrumb\",\"itemListElement\":[{\"@type\":\"ListItem\",\"position\":1,\"name\":\"Home\",\"item\":\"https:\\\/\\\/nivo.ca\\\/fr\\\/\"},{\"@type\":\"ListItem\",\"position\":2,\"name\":\"\u00c9v\u00e8nements\",\"item\":\"https:\\\/\\\/nivo.ca\\\/fr\\\/events-unused99999999\\\/\"},{\"@type\":\"ListItem\",\"position\":3,\"name\":\"Laird Fair\"}]},{\"@type\":\"WebSite\",\"@id\":\"https:\\\/\\\/nivo.ca\\\/fr\\\/#website\",\"url\":\"https:\\\/\\\/nivo.ca\\\/fr\\\/\",\"name\":\"NIVO by PomeGran\",\"description\":\"Fibre internet, built for you.\",\"publisher\":{\"@id\":\"https:\\\/\\\/nivo.ca\\\/fr\\\/#organization\"},\"potentialAction\":[{\"@type\":\"SearchAction\",\"target\":{\"@type\":\"EntryPoint\",\"urlTemplate\":\"https:\\\/\\\/nivo.ca\\\/fr\\\/?s={search_term_string}\"},\"query-input\":{\"@type\":\"PropertyValueSpecification\",\"valueRequired\":true,\"valueName\":\"search_term_string\"}}],\"inLanguage\":\"fr-FR\"},{\"@type\":\"Organization\",\"@id\":\"https:\\\/\\\/nivo.ca\\\/fr\\\/#organization\",\"name\":\"NIVO\",\"url\":\"https:\\\/\\\/nivo.ca\\\/fr\\\/\",\"logo\":{\"@type\":\"ImageObject\",\"inLanguage\":\"fr-FR\",\"@id\":\"https:\\\/\\\/nivo.ca\\\/fr\\\/#\\\/schema\\\/logo\\\/image\\\/\",\"url\":\"https:\\\/\\\/nivo.ca\\\/wp-content\\\/uploads\\\/2024\\\/12\\\/RGB_NIVO_Main_isolated_color-1.svg\",\"contentUrl\":\"https:\\\/\\\/nivo.ca\\\/wp-content\\\/uploads\\\/2024\\\/12\\\/RGB_NIVO_Main_isolated_color-1.svg\",\"width\":93,\"height\":47,\"caption\":\"NIVO\"},\"image\":{\"@id\":\"https:\\\/\\\/nivo.ca\\\/fr\\\/#\\\/schema\\\/logo\\\/image\\\/\"},\"sameAs\":[\"https:\\\/\\\/www.facebook.com\\\/NIVOTelecom\\\/\",\"https:\\\/\\\/www.linkedin.com\\\/company\\\/nivoca\\\/\",\"https:\\\/\\\/www.instagram.com\\\/nivo_telecom\\\/\",\"https:\\\/\\\/www.tiktok.com\\\/@nivo_ca?_r=1&_t=ZN-97jOdTsXKsw\"]}]}<\/script>\n<!-- \/ Yoast SEO Premium plugin. -->","yoast_head_json":{"title":"Laird Fair - NIVO by PomeGran","robots":{"index":"index","follow":"follow","max-snippet":"max-snippet:-1","max-image-preview":"max-image-preview:large","max-video-preview":"max-video-preview:-1"},"canonical":"https:\/\/nivo.ca\/fr\/evenement\/laird-fair\/","og_locale":"fr_FR","og_type":"article","og_title":"Laird Fair","og_description":"La foire annuelle est une tradition du canton de Laird depuis les ann\u00e9es 1880. Venez profiter de la vie \u00e0 la campagne, \u00e0 quelques minutes seulement de la ville! Au [&hellip;]","og_url":"https:\/\/nivo.ca\/fr\/evenement\/laird-fair\/","og_site_name":"NIVO by PomeGran","article_publisher":"https:\/\/www.facebook.com\/NIVOTelecom\/","article_modified_time":"2026-08-11T18:18:25+00:00","og_image":[{"width":1024,"height":853,"url":"https:\/\/nivo.ca\/wp-content\/uploads\/2026\/08\/Facebook-1-1024x853.png","type":"image\/png"}],"twitter_card":"summary_large_image","twitter_misc":{"Dur\u00e9e de lecture estim\u00e9e":"1 minute"},"schema":{"@context":"https:\/\/schema.org","@graph":[{"@type":"WebPage","@id":"https:\/\/nivo.ca\/fr\/evenement\/laird-fair\/","url":"https:\/\/nivo.ca\/fr\/evenement\/laird-fair\/","name":"Laird Fair - NIVO by PomeGran","isPartOf":{"@id":"https:\/\/nivo.ca\/fr\/#website"},"primaryImageOfPage":{"@id":"https:\/\/nivo.ca\/fr\/evenement\/laird-fair\/#primaryimage"},"image":{"@id":"https:\/\/nivo.ca\/fr\/evenement\/laird-fair\/#primaryimage"},"thumbnailUrl":"https:\/\/nivo.ca\/wp-content\/uploads\/2026\/08\/Facebook-1.png","datePublished":"2026-08-05T19:36:38+00:00","dateModified":"2026-08-11T18:18:25+00:00","breadcrumb":{"@id":"https:\/\/nivo.ca\/fr\/evenement\/laird-fair\/#breadcrumb"},"inLanguage":"fr-FR","potentialAction":[{"@type":"ReadAction","target":["https:\/\/nivo.ca\/fr\/evenement\/laird-fair\/"]}]},{"@type":"ImageObject","inLanguage":"fr-FR","@id":"https:\/\/nivo.ca\/fr\/evenement\/laird-fair\/#primaryimage","url":"https:\/\/nivo.ca\/wp-content\/uploads\/2026\/08\/Facebook-1.png","contentUrl":"https:\/\/nivo.ca\/wp-content\/uploads\/2026\/08\/Facebook-1.png","width":1200,"height":1000},{"@type":"BreadcrumbList","@id":"https:\/\/nivo.ca\/fr\/evenement\/laird-fair\/#breadcrumb","itemListElement":[{"@type":"ListItem","position":1,"name":"Home","item":"https:\/\/nivo.ca\/fr\/"},{"@type":"ListItem","position":2,"name":"\u00c9v\u00e8nements","item":"https:\/\/nivo.ca\/fr\/events-unused99999999\/"},{"@type":"ListItem","position":3,"name":"Laird Fair"}]},{"@type":"WebSite","@id":"https:\/\/nivo.ca\/fr\/#website","url":"https:\/\/nivo.ca\/fr\/","name":"NIVO by PomeGran","description":"Fibre internet, built for you.","publisher":{"@id":"https:\/\/nivo.ca\/fr\/#organization"},"potentialAction":[{"@type":"SearchAction","target":{"@type":"EntryPoint","urlTemplate":"https:\/\/nivo.ca\/fr\/?s={search_term_string}"},"query-input":{"@type":"PropertyValueSpecification","valueRequired":true,"valueName":"search_term_string"}}],"inLanguage":"fr-FR"},{"@type":"Organization","@id":"https:\/\/nivo.ca\/fr\/#organization","name":"NIVO","url":"https:\/\/nivo.ca\/fr\/","logo":{"@type":"ImageObject","inLanguage":"fr-FR","@id":"https:\/\/nivo.ca\/fr\/#\/schema\/logo\/image\/","url":"https:\/\/nivo.ca\/wp-content\/uploads\/2024\/12\/RGB_NIVO_Main_isolated_color-1.svg","contentUrl":"https:\/\/nivo.ca\/wp-content\/uploads\/2024\/12\/RGB_NIVO_Main_isolated_color-1.svg","width":93,"height":47,"caption":"NIVO"},"image":{"@id":"https:\/\/nivo.ca\/fr\/#\/schema\/logo\/image\/"},"sameAs":["https:\/\/www.facebook.com\/NIVOTelecom\/","https:\/\/www.linkedin.com\/company\/nivoca\/","https:\/\/www.instagram.com\/nivo_telecom\/","https:\/\/www.tiktok.com\/@nivo_ca?_r=1&_t=ZN-97jOdTsXKsw"]}]}},"_links":{"self":[{"href":"https:\/\/nivo.ca\/fr\/wp-json\/wp\/v2\/tribe_events\/7388","targetHints":{"allow":["GET"]}}],"collection":[{"href":"https:\/\/nivo.ca\/fr\/wp-json\/wp\/v2\/tribe_events"}],"about":[{"href":"https:\/\/nivo.ca\/fr\/wp-json\/wp\/v2\/types\/tribe_events"}],"author":[{"embeddable":true,"href":"https:\/\/nivo.ca\/fr\/wp-json\/wp\/v2\/users\/7"}],"version-history":[{"count":1,"href":"https:\/\/nivo.ca\/fr\/wp-json\/wp\/v2\/tribe_events\/7388\/revisions"}],"predecessor-version":[{"id":7389,"href":"https:\/\/nivo.ca\/fr\/wp-json\/wp\/v2\/tribe_events\/7388\/revisions\/7389"}],"wp:featuredmedia":[{"embeddable":true,"href":"https:\/\/nivo.ca\/fr\/wp-json\/wp\/v2\/media\/7429"}],"wp:attachment":[{"href":"https:\/\/nivo.ca\/fr\/wp-json\/wp\/v2\/media?parent=7388"}],"wp:term":[{"taxonomy":"post_tag","embeddable":true,"href":"https:\/\/nivo.ca\/fr\/wp-json\/wp\/v2\/tags?post=7388"},{"taxonomy":"tribe_events_cat","embeddable":true,"href":"https:\/\/nivo.ca\/fr\/wp-json\/wp\/v2\/tribe_events_cat?post=7388"}],"curies":[{"name":"wp","href":"https:\/\/api.w.org\/{rel}","templated":true}]}}

<p class="isSelectedEnd">La foire annuelle est une tradition du canton de Laird depuis les années 1880.</p>
<p>Venez profiter de la vie à la campagne, à quelques minutes seulement de la ville! Au programme : expositions intérieures, concours de chevaux lourds et légers, animaux d&rsquo;élevage et volailles, compétitions de tracteurs, activités pour les enfants, musique en direct, kiosques de vente, camions de cuisine de rue et bien plus encore!</p>

<p>La foire annuelle est une tradition du canton de Laird depuis les années 1880. Venez profiter de la vie à la campagne, à quelques minutes seulement de la ville! Au [&hellip;]</p>

<!-- This site is optimized with the Yoast SEO Premium plugin v28.2 (Yoast SEO v28.2) - https://yoast.com/product/yoast-seo-premium-wordpress/ -->
<title>Laird Fair - NIVO by PomeGran</title>
<meta name="robots" content="index, follow, max-snippet:-1, max-image-preview:large, max-video-preview:-1" />
<link rel="canonical" href="https://nivo.ca/fr/evenement/laird-fair/" />
<meta property="og:locale" content="fr_FR" />
<meta property="og:type" content="article" />
<meta property="og:title" content="Laird Fair" />
<meta property="og:description" content="La foire annuelle est une tradition du canton de Laird depuis les années 1880. Venez profiter de la vie à la campagne, à quelques minutes seulement de la ville! Au [&hellip;]" />
<meta property="og:url" content="https://nivo.ca/fr/evenement/laird-fair/" />
<meta property="og:site_name" content="NIVO by PomeGran" />
<meta property="article:publisher" content="https://www.facebook.com/NIVOTelecom/" />
<meta property="article:modified_time" content="2026-08-11T18:18:25+00:00" />
<meta property="og:image" content="https://nivo.ca/wp-content/uploads/2026/08/Facebook-1-1024x853.png" />
	<meta property="og:image:width" content="1024" />
	<meta property="og:image:height" content="853" />
	<meta property="og:image:type" content="image/png" />
<meta name="twitter:card" content="summary_large_image" />
<meta name="twitter:label1" content="Durée de lecture estimée" />
	<meta name="twitter:data1" content="1 minute" />
<script type="application/ld+json" class="yoast-schema-graph">{"@context":"https:\/\/schema.org","@graph":[{"@type":"WebPage","@id":"https:\/\/nivo.ca\/fr\/evenement\/laird-fair\/","url":"https:\/\/nivo.ca\/fr\/evenement\/laird-fair\/","name":"Laird Fair - NIVO by PomeGran","isPartOf":{"@id":"https:\/\/nivo.ca\/fr\/#website"},"primaryImageOfPage":{"@id":"https:\/\/nivo.ca\/fr\/evenement\/laird-fair\/#primaryimage"},"image":{"@id":"https:\/\/nivo.ca\/fr\/evenement\/laird-fair\/#primaryimage"},"thumbnailUrl":"https:\/\/nivo.ca\/wp-content\/uploads\/2026\/08\/Facebook-1.png","datePublished":"2026-08-05T19:36:38+00:00","dateModified":"2026-08-11T18:18:25+00:00","breadcrumb":{"@id":"https:\/\/nivo.ca\/fr\/evenement\/laird-fair\/#breadcrumb"},"inLanguage":"fr-FR","potentialAction":[{"@type":"ReadAction","target":["https:\/\/nivo.ca\/fr\/evenement\/laird-fair\/"]}]},{"@type":"ImageObject","inLanguage":"fr-FR","@id":"https:\/\/nivo.ca\/fr\/evenement\/laird-fair\/#primaryimage","url":"https:\/\/nivo.ca\/wp-content\/uploads\/2026\/08\/Facebook-1.png","contentUrl":"https:\/\/nivo.ca\/wp-content\/uploads\/2026\/08\/Facebook-1.png","width":1200,"height":1000},{"@type":"BreadcrumbList","@id":"https:\/\/nivo.ca\/fr\/evenement\/laird-fair\/#breadcrumb","itemListElement":[{"@type":"ListItem","position":1,"name":"Home","item":"https:\/\/nivo.ca\/fr\/"},{"@type":"ListItem","position":2,"name":"Évènements","item":"https:\/\/nivo.ca\/fr\/events-unused99999999\/"},{"@type":"ListItem","position":3,"name":"Laird Fair"}]},{"@type":"WebSite","@id":"https:\/\/nivo.ca\/fr\/#website","url":"https:\/\/nivo.ca\/fr\/","name":"NIVO by PomeGran","description":"Fibre internet, built for you.","publisher":{"@id":"https:\/\/nivo.ca\/fr\/#organization"},"potentialAction":[{"@type":"SearchAction","target":{"@type":"EntryPoint","urlTemplate":"https:\/\/nivo.ca\/fr\/?s={search_term_string}"},"query-input":{"@type":"PropertyValueSpecification","valueRequired":true,"valueName":"search_term_string"}}],"inLanguage":"fr-FR"},{"@type":"Organization","@id":"https:\/\/nivo.ca\/fr\/#organization","name":"NIVO","url":"https:\/\/nivo.ca\/fr\/","logo":{"@type":"ImageObject","inLanguage":"fr-FR","@id":"https:\/\/nivo.ca\/fr\/#\/schema\/logo\/image\/","url":"https:\/\/nivo.ca\/wp-content\/uploads\/2024\/12\/RGB_NIVO_Main_isolated_color-1.svg","contentUrl":"https:\/\/nivo.ca\/wp-content\/uploads\/2024\/12\/RGB_NIVO_Main_isolated_color-1.svg","width":93,"height":47,"caption":"NIVO"},"image":{"@id":"https:\/\/nivo.ca\/fr\/#\/schema\/logo\/image\/"},"sameAs":["https:\/\/www.facebook.com\/NIVOTelecom\/","https:\/\/www.linkedin.com\/company\/nivoca\/","https:\/\/www.instagram.com\/nivo_telecom\/","https:\/\/www.tiktok.com\/@nivo_ca?_r=1&_t=ZN-97jOdTsXKsw"]}]}</script>
<!-- / Yoast SEO Premium plugin. -->

La foire annuelle est une tradition du canton de Laird depuis les années 1880. Venez profiter de la vie à la campagne, à quelques minutes seulement de la ville! Au [&hellip;]

Évènements
